 base 10
-6
What is b (base 15) in base 14?
b
What is 4 (base 8) in base 16?
4
What is 61 (base 15) in base 5?
331
What is 102 (base 8) in base 2?
1000010
Convert -25 (base 7) to base 11.
-18
25 (base 14) to base 10
33
Convert -33 (base 11) to base 16.
-24
8 (base 9) to base 2
1000
Convert 3 (base 8) to base 12.
3
20 (base 9) to base 13
15
Convert 21 (base 4) to base 5.
14
10 (base 3) to base 4
3
Convert -106 (base 10) to base 7.
-211
Convert 0 (base 14) to base 7.
0
2 (base 7) to base 3
2
-22 (base 7) to base 13
-13
What is 0 (base 9) in base 2?
0
What is 4 (base 14) in base 15?
4
-1a (base 16) to base 10
-26
1b7 (base 15) to base 5
3042
What is -112 (base 15) in base 12?
-182
Convert 3001 (base 4) to base 2.
11000001
Convert -311 (base 4) to base 6.
-125
-34 (base 5) to base 10
-19
What is 2 (base 7) in base 15?
2
-5 (base 9) to base 7
-5
3 (base 13) to base 3
10
Convert 13 (base 10) to base 15.
d
What is -162 (base 8) in base 11?
-a4
What is 20102 (base 3) in base 10?
173
Convert 3 (base 4) to base 10.
3
What is -1d6 (base 14) in base 6?
-1440
Convert 43 (base 9) to base 7.
54
Convert 1b (base 14) to base 3.
221
What is -10011100 (base 2) in base 4?
-2130
Convert 0 (base 2) to base 14.
0
Convert -11001 (base 2) to base 9.
-27
Convert -68 (base 10) to base 16.
-44
Convert -11 (base 4) to base 10.
-5
-10 (base 5) to base 11
-5
What is -214 (base 5) in base 13?
-47
Convert 135 (base 13) to base 4.
3111
-2 (base 6) to base 10
-2
-133 (base 7) to base 4
-1021
Convert 7 (base 10) to base 15.
7
3 (base 12) to base 16
3
What is -411 (base 10) in base 4?
-12123
What is 233 (base 4) in base 12?
3b
Convert 1012 (base 6) to base 15.
ee
What is 4c (base 13) in base 7?
121
What is 41 (base 5) in base 15?
16
-4 (base 16) to base 12
-4
3c (base 13) to base 6
123
What is 1 (base 14) in base 6?
1
Convert -112 (base 5) to base 16.
-20
What is -11 (base 5) in base 13?
-6
-33 (base 10) to base 6
-53
Convert 11 (base 14) to base 9.
16
What is -5 (base 14) in base 4?
-11
-5 (base 11) to base 3
-12
Convert -1c (base 15) to base 2.
-11011
-3 (base 13) to base 12
-3
-2 (base 5) to base 9
-2
What is 3 (base 6) in base 15?
3
Convert 7 (base 11) to base 4.
13
Convert 135 (base 6) to base 13.
47
Convert 1 (base 13) to base 6.
1
What is -64 (base 16) in base 7?
-202
Convert 21 (base 9) to base 2.
10011
Convert 2d (base 14) to base 8.
51
Convert 13 (base 6) to base 8.
11
6 (base 9) to base 13
6
What is -a (base 14) in base 2?
-1010
-131 (base 8) to base 7
-155
-2244 (base 5) to base 7
-642
1 (base 13) to base 2
1
Convert -31 (base 7) to base 13.
-19
What is 221 (base 4) in base 9?
45
-11 (base 12) to base 11
-12
Convert -1c (base 13) to base 5.
-100
-3 (base 11) to base 14
-3
2a (base 12) to base 15
24
Convert 20 (base 3) to base 5.
11
Convert 10002 (base 3) to base 15.
58
2 (base 9) to base 13
2
Convert -23 (base 14) to base 15.
-21
Convert 8 (base 12) to base 4.
20
Convert -10000 (base 4) to base 10.
-256
Convert 12131 (base 4) to base 9.
508
What is -b (base 13) in base 7?
-14
What is 65 (base 14) in base 6?
225
Convert 45 (base 7) to base 11.
30
Convert -5 (base 7) to base 6.
-5
Convert 2 (base 4) to base 12.
2
Convert 3 (base 12) to base 7.
3
2 (base 9) to base 13
2
Convert -3e (base 16) to base 5.
-222
Convert 10 (base 13) to base 12.
11
-12 (base 11) to base 8
-15
What is -246 (base 10) in base 15?
-116
Convert 0 (base 5) to base 9.
0
b9 (base 13) to base 7
305
Convert 17 (base 8) to base 7.
21
What is 6 (base 11) in base 10?
6
Convert 42 (base 6) to base 4.
122
Convert 2 (base 9) to base 6.
2
Convert 3 (base 10) to base 7.
3
Convert -a (base 13) to base 7.
-13
What is 12221 (base 3) in base 9?
187
What is -3 (base 4) in base 5?
-3
3 (base 10) to base 16
3
Convert 11 (base 13) to base 16.
e
What is 30 (base 5) in base 8?
17
Convert -7 (base 10) to base 4.
-13
Convert -1c (base 14) to base 7.
-35
Convert -46 (base 12) to base 3.
-2000
4 (base 14) to base 15
4
-3 (base 4) to base 7
-3
What is -58 (base 15) in base 9?
-102
What is 104 (base 5) in base 12?
25
Convert 1001 (base 3) to base 15.
1d
Convert -20 (base 9) to base 7.
-24
0 (base 5) to base 3
0
Convert -53 (base 13) to base 15.
-48
5 (base 16) to base 2
101
12 (base 4) to base 2
110
What is 223 (base 4) in base 10?
43
What is 98 (base 11) in base 16?
6b
Convert 1 (base 6) to base 15.
1
18 (base 11) to base 2
10011
What is -1 (base 8) in base 7?
-1
Convert 5 (base 9) to base 3.
12
What is 0 (base 6) in base 16?
0
13 (base 7) to base 13
a
Convert 1 (base 15) to base 10.
1
-11 (base 16) to base 8
-21
-260 (base 8) to base 12
-128
Convert -3 (base 6) to base 4.
-3
What is 6 (base 9) in base 4?
12
Convert 37 (base 10) to base 8.
45
What is 24 (base 13) in base 11?
28
Convert -200 (base 4) to base 5.
-112
Convert -1 (base 9) to base 10.
-1
434 (base 7) to base 3
22012
What is -38 (base 15) in base 16?
-35
Convert 20 (base 7) to base 8.
16
301 (base 5) to base 11
6a
Convert -1101110 (base 2) to base 16.
-6e
Convert -29 (base 10) to base 16.
-1d
Convert -11 (base 2) to base 15.
-3
What is 29 (base 10) in base 6?
45
11010 (base 2) to base 11
24
Convert 10 (base 6) to base 10.
6
1 (base 5) to base 10
1
Convert 72 (base 10) to base 8.
110
What is 32 (base 5) in base 7?
23
What is 34 (base 7) in base 16?
19
Convert 11 (base 6) to base 10.
7
What is 22 (base 9) in base 13?
17
-11200 (base 3) to base 9
-150
What is 2 (base 7) in base 2?
10
What is -7 (base 10) in base 13?
-7
5 (base 6) to base 8
5
What is -23 (base 9) in base 16?
-15
What is -14 (base 13) in base 14?
-13
What is 34 (base 5) in base 4?
103
-1111111 (base 2) to base 10
-127
-31 (base 13) to base 9
-44
Convert -3 (base 15) to base 5.
-3
6 (base 12) to base 15
6
3 (base 10) to base 13
3
What is 0 (base 4) in base 2?
0
What is -20 (base 6) in base 10?
-12
What is -244 (base 5) in base 10?
-74
What is 0 (base 11) in base 4?
0
110 (base 12) to base 16
9c
25 (base 6) to base 15
12
-101 (base 3) to base 12
-a
Convert 3 (base 15) to base 16.
3
2 (base 15) to base 13
2
What is 0 (base 6) in base 13?
0
Convert 39 (base 11) to base 15.
2c
Convert -12 (base 8) to base 12.
-a
What is 110 (base 3) in base 7?
15
What is -7 (base 14) in base 11?
-7
What is -e (base 15) in base 5?
-24
3 (base 11) to base 7
3
What is 26 (base 9) in base 5?
44
What is -1a (base 13) in base 10?
-23
Convert 14 (base 7) to base 5.
21
What is 3 (base 5) in base 10?
3
What is 56 (base 8) in base 11?
42
Convert 1 (base 13) to base 12.
1
Convert 14 (base 7) to base 6.
15
What is 203 (base 9) in base 2?
10100101
Convert 48 (base 9) to base 10.
44
Convert -10 (base 4) to base 16.
-4
Convert -10221 (base 3) to base 7.
-211
1 (base 3) to base 7
1
What is 4 (base 11) in base 8?
4
What is 1010 (base 2) in base 10?
10
What is 22 (base 3) in base 15?
8
2b (base 15) to base 10
41
Convert -11 (base 16) to base 4.
-101
What is -3 (base 5) in base 2?
-11
34 (base 10) to base 2
100010
What is -25 (base 8) in base 6?
-33
Convert -1102 (base 4) to base 5.
-312
-58 (base 11) to base 6
-143
Convert -2 (base 9) to base 11.
-2
Convert 20 (base 4) to base 13.
8
What is -60 (base 8) in base 2?
-110000
What is 9 (base 11) in base 13?
9
Convert 10 (base 8) to base 15.
8
What is 0 (base 10) in base 7?
0
What is 31 (base 7) in base 2?
10110
What is 540 (base 6) in base 2?
11001100
-6 (base 13) to base 3
-20
What is -3 (base 5) in base 4?
-3
Convert -1 (base 4) to base 9.
-1
10020 (base 3) to base 6
223
Convert 3 (base 10) to base 14.
3
-1100 (base 2) to base 7
-15
What is -41 (base 8) in base 7?
-45
-24 (base 10) to base 3
-220
Convert -3 (base 16) to base 8.
-3
What is 11 (base 5) in base 6?
10
What is -45 (base 8) in base 10?
-37
42 (base 5) to base 8
26
-100 (base 4) to base 12
-14
Convert 1 (base 4) to base 5.
1
Convert -25 (base 11) to base 6.
-43
Convert 19 (base 11) to base 14.
16
-1112 (base 3) to base 13
-32
What is -33 (base 10) in base 12?
-29
What is 1011 (base 3) in base 11?
29
What is 100101 (base 2) in base 4?
211
-1 (base 4) to base 11
-1
21 (base 7) to base 15
10
-4 (base 7) to base 16
-4
-131 (base 4) to base 12
-25
Convert 1 (base 12) to base 5.
1
0 (base 3) to base 12
0
-2 (base 8) to base 13
-2
-f (base 16) to base 13
-12
-2a (base 15) to base 8
-50
What is -10 (base 3) in base 4?
-3
Convert -7 (base